 0 = 2*v - 5*v + 57. Suppose 2*h + 5*p - 19 = 0, 5*h - 22 = 4*p + 9. What is the remainder when v is divided by h?
5
Let z = -8 + 10. Calculate the remainder when 4 is divided by z.
0
Let c(k) = 9*k**2 + 5*k. Let b(l) = 9*l**2 + 4*l. Let i(v) = 4*b(v) - 3*c(v). What is the remainder when 18 is divided by i(1)?
8
Let a(l) = 12*l. Suppose 39 + 136 = 5*g. What is the remainder when g is divided by a(1)?
11
Let i = -12 - -12. Suppose -3*w + 13 + 8 = i. Calculate the remainder when 20 is divided by w.
6
Let t(z) = -z**3 + 9*z**2 - 4*z - 10. What is the remainder when 26/(-2)*(6 - 11) is divided by t(8)?
21
Suppose 0 = t - 2*t + 2, 4*g - 66 = -t. Suppose 0*l + 4*l = g. What is the remainder when 32 is divided by (11/2)/(2/l)?
10
Let j(k) = -k - 16. Let f be j(7). Let y = f - -33. What is the remainder when 18 is divided by y?
8
Let k = -3 - -4. What is the remainder when 14 is divided by (k + -9)/(1/(-1))?
6
Let g(f) = 4*f**2 - 2*f + 1. Suppose 3 = x + 1. Let p = 21 - -4. What is the remainder when p is divided by g(x)?
12
Suppose 5*s = 5*h - 37 + 212, 4*h = -20. What is the remainder when s is divided by 11?
8
What is the remainder when (-195)/(-21) - 2/7 is divided by 9 - -3*(-3 - -2)?
3
Suppose 0*o + 163 = 5*y + o, -y = -4*o - 41. Suppose -4*h + h = -3*s - 48, 28 = 2*h - 4*s. Calculate the remainder when y is divided by h.
15
Suppose -4*r + 15 = -2*c + 77, -5*c + 161 = -4*r. Calculate the remainder when c is divided by 17.
16
Let a(u) = -u**2 + 7*u + 2. Let m be a(7). Suppose -3*c + 6*c + m*h - 40 = 0, 0 = 3*h - 15. Let s = -3 + c. What is the remainder when 12 is divided by s?
5
Suppose -2*x + 72 + 8 = 0. Suppose 0 = f + f - x. Calculate the remainder when 59 is divided by f.
19
Let n(t) = t**3 + 9*t**2 - 1. Let m be n(-9). What is the remainder when 4 + m + 0 + 3 is divided by ((-6)/4)/3*-6?
0
Let j = -4 + 6. Let r be (j/3)/((-4)/(-18)). Suppose -r*p = -3*l + 18, 4*p = 16 - 4. Calculate the remainder when l is divided by 3.
0
Suppose 6*a + u = a + 13, -a + 5*u + 13 = 0. Calculate the remainder when a is divided by 1.
0
Suppose k - 2 + 4 = 0. What is the remainder when k/(-8) + 46/8 is divided by (3 - 0)*8/12?
0
Calculate the remainder when 165 is divided by -1*((-2)/((-4)/2) + -43).
39
Suppose -4*d + 0*n - 20 = -4*n, 0 = -3*d - 3*n - 33. Let i = d - -14. Let v(k) = k - 5. Calculate the remainder when v(i) is divided by 1.
0
Let g = 0 - -1. Suppose u + 26 = -g. Let c = u - -48. Calculate the remainder when 41 is divided by c.
20
Suppose -z - 2*z + 48 = 0. Let n(v) = -2*v + 4*v + 9 + 52. Calculate the remainder when n(0) is divided by z.
13
Suppose -5 = 5*i, j - 20 = i + 6. Suppose n = -0*n + 13. What is the remainder when j is divided by n?
12
Let c = -3 + 3. Let z = c + 5. Let g = -30 - -44. Calculate the remainder when g is divided by z.
4
Let n = 157 - 82. What is the remainder when n is divided by 26?
23
Let a(p) = 3*p - 2. Let o be a(4). What is the remainder when 24 is divided by ((-15)/o)/(2/(-12))?
6
Let y(d) = d**2 - 20*d - 16. Let v(s) = -s**3 - 2*s**2 + 3. What is the remainder when v(-3) is divided by y(21)?
2
Let c = -1 + -1. Let z(j) = 5*j - 2. Let p be z(c). Let a = p - -21. Calculate the remainder when 17 is divided by a.
8
Suppose 0 = -5*m + 31 - 6. Calculate the remainder when 12 is divided by m.
2
Suppose 2*j - 41 = -3*t, -3*j = -8*j - 2*t + 108. Calculate the remainder when j is divided by (-20)/(-3) - 12/18.
4
Let m(x) = -30*x**3 - 2*x - 1. Suppose -3*r + 2 + 13 = 0. Suppose 16 = -4*l - 4*d, -6*d + 3*d = r*l + 14. Calculate the remainder when m(l) is divided by 11.
9
Let y(k) = k - 4. Let h be 1/2*(-2)/1. Let q(r) = -5*r - 1. What is the remainder when q(h) is divided by y(7)?
1
Calculate the remainder when 47 is divided by -3*6/(1 - (-15)/(-9)).
20
Let v(a) = a**2 + 2. Suppose 0 = -4*l + 58 + 10. What is the remainder when l is divided by v(-2)?
5
Let h(k) = -1 + 4*k + 5 + 8*k + k**3 - 5*k - 7*k**2. What is the remainder when h(6) is divided by 6?
4
Suppose 2*c + 1 = 5. Suppose -5*y + 60 = s, -20 = -3*s + 7*s. Calculate the remainder when 2 + -46*c/(-4) is divided by y.
12
Suppose 4*k = 2*h - 154, h = -5*k + 8 + 55. Suppose -5*j + 173 = h. Suppose 4*z - 2 = 2, 5*w + 4*z - 294 = 0. Calculate the remainder when w is divided by j.
18
Suppose 4*n + 29 = 5*n. What is the remainder when 84 is divided by n?
26
Suppose 4*p = 2*p + 10. What is the remainder when p is divided by 2?
1
What is the remainder when (-3)/(-6)*19*2 is divided by 4?
3
Suppose 12*t - 8*t - 256 = 0. Suppose 3*g - f + 3 = 44, t = 4*g + f. What is the remainder when 43 is divided by g?
13
Suppose -20 = -4*p - 2*b, 0 = -3*p + 4*b - 3 - 4. Suppose -p - 21 = -3*w. Suppose -7*s = 98 - 259. Calculate the remainder when s is divided by w.
7
Suppose -2*z + 5*z - 12 = 0. Calculate the remainder when -12*3/(9/(-8)) is divided by ((-17)/(-4) + 0)*z.
15
Suppose -75 + 10 = -o. What is the remainder when o is divided by 17?
14
What is the remainder when (-1)/((-4)/12)*58/6 is divided by 9?
2
Let i(t) = t**2 - 5*t - 5. Let b be i(6). Let n be (b + 1)*(2 - 3). Calculate the remainder when 15 - (0 + 0/n) is divided by 8.
7
Suppose 5*z - p - 262 = -42, -4*z + 167 = p. Calculate the remainder when z is divided by -21*(-12)/112*4.
7
Suppose -8*s + 927 + 201 = 0. Calculate the remainder when s is divided by 12.
9
Suppose -5*c + 25 = 0, -v - 4*v + 50 = -4*c. Calculate the remainder when v is divided by 5.
4
Suppose 5*s - q = 3*s + 13, 0 = -s - 4*q - 7. Suppose 546 = s*k + 156. Let n = k + -45. What is the remainder when n is divided by 9?
6
Suppose -5*o + 106 = -214. Calculate the remainder when o is divided by 23.
18
Let l(r) = r**3 + r**2 - 2*r + 7. Let t(z) = -2*z**3 - 2*z**2 + 5*z - 15. Let n(m) = -9*l(m) - 4*t(m). Calculate the remainder when 19 is divided by n(-2).
4
Suppose 0*m = 3*m - 3. Let g = 4 - 1. Suppose -g*w = 3*r - 18, w + r = -2*w + 8. What is the remainder when m is divided by w?
0
Let u = 14 - 20. Calculate the remainder when 53 is divided by u/3 - -21 - 1.
17
Let s = 22 - 9. Let i = s - 3. What is the remainder when 28 is divided by i?
8
Let j(w) = -34*w**3 + 2*w**2 + 2*w + 1. Let z be j(-1). Suppose -3*f + z = -7. What is the remainder when f is divided by ((-1)/(-2))/(2/32)?
6
Let x = -18 - -63. Let d(a) = -a**2 - 8*a - 10. Let y be d(-6). Suppose y*f - x = -3*f. What is the remainder when 16 is divided by f?
7
Suppose 0 = -5*k - 3*t - 2, -4*k + 0*k + 4*t = 8. Let h = -31 + 44. Calculate the remainder when 1 + k - -5*5 is divided by h.
12
Suppose 4*o = 3*v + 511, -2*o + 130 = -o - 3*v. Calculate the remainder when o is divided by 13.
10
What is the remainder when 7 is divided by 4 - ((-4 - (-1 + 1)) + 5)?
1
Let n(p) = p + 3. Let h be n(-3). Suppose 4*s + 80 = 5*c, h*c + 4*s = 2*c - 44. Calculate the remainder when 22 is divided by c.
10
Suppose -4*y + 15 + 1 = 0. Suppose -67 = -y*m + 25. What is the remainder when -3 + (-142)/(-3 + 1) is divided by m?
22
Suppose 12 = d + 1. Calculate the remainder when d is divided by 4.
3
Let g(l) = l**3 + 5*l**2 + l - 2. Suppose b - 30 + 8 = -3*v, -b = -5*v - 38. Suppose -6*z = -2*z - b. Calculate the remainder when g(-3) is divided by z.
6
Suppose -4*m = 3*l - 3*m - 7, 5*m - 13 = -4*l. Calculate the remainder when 5 is divided by l.
1
Let x(u) = -3*u + 1. Calculate the remainder when 37 is divided by x(-3).
7
Let v = -9 + 87. What is the remainder when v is divided by 27?
24
Let i(u) = u**3 - 1. Suppose s + s = 0. Let h be i(s). Calculate the remainder when 45 is divided by (40/(-25))/(h/10).
13
Let i = 72 + 81. What is the remainder when i is divided by 31?
29
Suppose 0 = 3*s + 2*s - 85. Calculate the remainder when 49 is divided by s.
15
Let l be 1*(5 - (-2 + 3)). Let z = 12 - l. Let s = 63 - 41. Calculate the remainder when s is divided by z.
6
Let s(l) = 12*l**2 + 2*l - 1. What is the remainder when 49 is divided by s(1)?
10
Suppose -4*v + u + 159 = 0, -2*v - v + 114 = u. Suppose v = 4*o - 13. Calculate the remainder when o is divided by 2/(-8) - 29/(-4).
6
Suppose 2*t - 48 = -2*t. What is the remainder when (-2)/9 + 2975/63 is divided by t?
11
Let b be -8*(6/4 + -2). Suppose 0 = y - 1, 2*y = b*u + y - 3. What is the remainder when 2 is divided by u?
0
Suppose 6 = -2*d, -3*w + 2*d = -d - 21. Let m = 15 + -12. Calcul